{"id":16,"date":"2016-04-15T20:11:13","date_gmt":"2016-04-15T19:11:13","guid":{"rendered":"http:\/\/dci.kilu.de\/wordpress\/?page_id=16"},"modified":"2024-12-29T18:43:44","modified_gmt":"2024-12-29T17:43:44","slug":"gelaende","status":"publish","type":"page","link":"https:\/\/dci.kilu.de\/wordpress\/?page_id=16","title":{"rendered":"Gel\u00e4nde"},"content":{"rendered":"<p><strong>Brauneck<\/strong><\/p>\n<ul>\n<li><a href=\"http:\/\/www.dhv.de\/db2\/details.php?qi=glp_details&amp;popup=1&amp;item=612\" target=\"_blank\" rel=\"noopener\">S\u00fcdstart<\/a><\/li>\n<li><a href=\"http:\/\/www.dhv.de\/db2\/details.php?qi=glp_details&amp;popup=1&amp;item=612\" target=\"_blank\" rel=\"noopener\">Nordstart<\/a><\/li>\n<li><a href=\"http:\/\/www.dhv.de\/db2\/details.php?qi=glp_details&amp;popup=1&amp;item=3556\" target=\"_blank\" rel=\"noopener\">Startplatz f\u00fcr e-Aufstieg<\/a><\/li>\n<li><a href=\"http:\/\/www.dhv.de\/db2\/details.php?qi=glp_details&amp;popup=1&amp;item=612\" target=\"_blank\" rel=\"noopener\">Landeplatz<\/a><\/li>\n<\/ul>\n<p><strong>Blomberg<\/strong><\/p>\n<ul>\n<li><a href=\"http:\/\/www.dhv.de\/db2\/details.php?qi=glp_details&amp;popup=1&amp;item=352\" target=\"_blank\" rel=\"noopener\">Nord-Nordoststart<\/a><\/li>\n<li><a href=\"http:\/\/www.dhv.de\/db2\/details.php?qi=glp_details&amp;popup=1&amp;item=352\" target=\"_blank\" rel=\"noopener\">Oststart<\/a><\/li>\n<li><a href=\"http:\/\/www.dhv.de\/db2\/details.php?qi=glp_details&amp;popup=1&amp;item=352\">Lande<\/a>platz<\/li>\n<\/ul>\n<p><strong>Gel\u00e4ndeordnung Haltergemeinschaft Brauneck<\/strong><br \/>\nDrachenfliegerclub Isarwinkel e.\u00a0V. \/ Lenggrieser Gleitschirmflieger e.\u00a0V.<\/p>\n<p>Die Haltergemeinschaft Brauneck (Drachenfliegerclub Isarwinkel e.\u00a0V. \/ Lenggrieser Gleitschirmflieger e.\u00a0V.) ist Inhaber der luftrechtlichen Genehmigung \u201cBrauneck\u201c nach \u00a7\u00a06 Luftverkehrsgesetz (Regierung von Oberbayern vom 01.03.2006). F\u00fcr das Fluggel\u00e4nde Brauneck gelten folgende<\/p>\n<p><strong>Regeln, Hinweise und Auflagen:<\/strong><\/p>\n<ol>\n<li>Es gilt in der jeweils g\u00fcltigen Fassung die Flugbetriebsordnung (FBO) des Deutschen H\u00e4ngegleiterverbandes e. V. (DHV) f\u00fcr den Betrieb der H\u00e4ngegleiter und Gleitsegel.<\/li>\n<li>Starts und Landungen mit\u00a0Drachen sind nur auf den ausgewiesenen Fl\u00e4chen zul\u00e4ssig: Startplatz Nord (Brauneckgipfel), Startplatz S\u00fcd (Drachenstartrampe), Drachenlandeplatz n\u00f6rdlich der Zufahrtstra\u00dfe zu den Parkpl\u00e4tzen.<\/li>\n<li>Generell nur bei Vorwind starten. Keine Starts bei Seiten- oder R\u00fcckenwind (Turbulenzgefahr).<\/li>\n<li>Die Nordseite des H\u00f6henr\u00fcckens Brauneck \u2013 Benediktenwand ist zum Schutz von Wildtieren mit mindestens 150\u00a0m \u00fcber Grund zu \u00fcberfliegen.<\/li>\n<li>Der Flugbetrieb ist bei Ann\u00e4herung von Hubschraubern sofort einzustellen.<\/li>\n<li>Drachenunf\u00e4lle sind\u00a0dem Drachenfliegerclub Isarwinkel e.\u00a0V. zu melden. Gleitschirmunf\u00e4lle dem Lenggrieser Gleitschirmverein e.\u00a0V.<\/li>\n<li>S\u00fcdstart: Achtung Lift- und Materialseilbahnen unterhalb des Startplatzes.<\/li>\n<\/ol>\n<p>Drachenfliegerclub Isarwinkel\u00a0e.\u00a0V.<\/p>\n<p>Vorstand<\/p>\n","protected":false},"excerpt":{"rendered":"<p>Brauneck S\u00fcdstart Nordstart Startplatz f\u00fcr e-Aufstieg Landeplatz Blomberg Nord-Nordoststart Oststart Landeplatz Gel\u00e4ndeordnung Haltergemeinschaft Brauneck Drachenfliegerclub Isarwinkel e.\u00a0V. \/ Lenggrieser Gleitschirmflieger e.\u00a0V. Die Haltergemeinschaft Brauneck (Drachenfliegerclub Isarwinkel e.\u00a0V. \/ Lenggrieser Gleitschirmflieger [&hellip;]<\/p>\n","protected":false},"author":1,"featured_media":0,"parent":0,"menu_order":0,"comment_status":"closed","ping_status":"closed","template":"","meta":{"footnotes":""},"class_list":["post-16","page","type-page","status-publish","hentry"],"_links":{"self":[{"href":"https:\/\/dci.kilu.de\/wordpress\/index.php?rest_route=\/wp\/v2\/pages\/16","targetHints":{"allow":["GET"]}}],"collection":[{"href":"https:\/\/dci.kilu.de\/wordpress\/index.php?rest_route=\/wp\/v2\/pages"}],"about":[{"href":"https:\/\/dci.kilu.de\/wordpress\/index.php?rest_route=\/wp\/v2\/types\/page"}],"author":[{"embeddable":true,"href":"https:\/\/dci.kilu.de\/wordpress\/index.php?rest_route=\/wp\/v2\/users\/1"}],"replies":[{"embeddable":true,"href":"https:\/\/dci.kilu.de\/wordpress\/index.php?rest_route=%2Fwp%2Fv2%2Fcomments&post=16"}],"version-history":[{"count":13,"href":"https:\/\/dci.kilu.de\/wordpress\/index.php?rest_route=\/wp\/v2\/pages\/16\/revisions"}],"predecessor-version":[{"id":1294,"href":"https:\/\/dci.kilu.de\/wordpress\/index.php?rest_route=\/wp\/v2\/pages\/16\/revisions\/1294"}],"wp:attachment":[{"href":"https:\/\/dci.kilu.de\/wordpress\/index.php?rest_route=%2Fwp%2Fv2%2Fmedia&parent=16"}],"curies":[{"name":"wp","href":"https:\/\/api.w.org\/{rel}","templated":true}]}}

Gelände

<p><strong>Brauneck</strong></p>
<ul>
<li><a href="http://www.dhv.de/db2/details.php?qi=glp_details&amp;popup=1&amp;item=612" target="_blank" rel="noopener">Südstart</a></li>
<li><a href="http://www.dhv.de/db2/details.php?qi=glp_details&amp;popup=1&amp;item=612" target="_blank" rel="noopener">Nordstart</a></li>
<li><a href="http://www.dhv.de/db2/details.php?qi=glp_details&amp;popup=1&amp;item=3556" target="_blank" rel="noopener">Startplatz für e-Aufstieg</a></li>
<li><a href="http://www.dhv.de/db2/details.php?qi=glp_details&amp;popup=1&amp;item=612" target="_blank" rel="noopener">Landeplatz</a></li>
</ul>
<p><strong>Blomberg</strong></p>
<ul>
<li><a href="http://www.dhv.de/db2/details.php?qi=glp_details&amp;popup=1&amp;item=352" target="_blank" rel="noopener">Nord-Nordoststart</a></li>
<li><a href="http://www.dhv.de/db2/details.php?qi=glp_details&amp;popup=1&amp;item=352" target="_blank" rel="noopener">Oststart</a></li>
<li><a href="http://www.dhv.de/db2/details.php?qi=glp_details&amp;popup=1&amp;item=352">Lande</a>platz</li>
</ul>
<p><strong>Geländeordnung Haltergemeinschaft Brauneck</strong><br />
Drachenfliegerclub Isarwinkel e. V. / Lenggrieser Gleitschirmflieger e. V.</p>
<p>Die Haltergemeinschaft Brauneck (Drachenfliegerclub Isarwinkel e. V. / Lenggrieser Gleitschirmflieger e. V.) ist Inhaber der luftrechtlichen Genehmigung “Brauneck“ nach § 6 Luftverkehrsgesetz (Regierung von Oberbayern vom 01.03.2006). Für das Fluggelände Brauneck gelten folgende</p>
<p><strong>Regeln, Hinweise und Auflagen:</strong></p>
<ol>
<li>Es gilt in der jeweils gültigen Fassung die Flugbetriebsordnung (FBO) des Deutschen Hängegleiterverbandes e. V. (DHV) für den Betrieb der Hängegleiter und Gleitsegel.</li>
<li>Starts und Landungen mit Drachen sind nur auf den ausgewiesenen Flächen zulässig: Startplatz Nord (Brauneckgipfel), Startplatz Süd (Drachenstartrampe), Drachenlandeplatz nördlich der Zufahrtstraße zu den Parkplätzen.</li>
<li>Generell nur bei Vorwind starten. Keine Starts bei Seiten- oder Rückenwind (Turbulenzgefahr).</li>
<li>Die Nordseite des Höhenrückens Brauneck – Benediktenwand ist zum Schutz von Wildtieren mit mindestens 150 m über Grund zu überfliegen.</li>
<li>Der Flugbetrieb ist bei Annäherung von Hubschraubern sofort einzustellen.</li>
<li>Drachenunfälle sind dem Drachenfliegerclub Isarwinkel e. V. zu melden. Gleitschirmunfälle dem Lenggrieser Gleitschirmverein e. V.</li>
<li>Südstart: Achtung Lift- und Materialseilbahnen unterhalb des Startplatzes.</li>
</ol>
<p>Drachenfliegerclub Isarwinkel e. V.</p>
<p>Vorstand</p>

<p>Brauneck Südstart Nordstart Startplatz für e-Aufstieg Landeplatz Blomberg Nord-Nordoststart Oststart Landeplatz Geländeordnung Haltergemeinschaft Brauneck Drachenfliegerclub Isarwinkel e. V. / Lenggrieser Gleitschirmflieger e. V. Die Haltergemeinschaft Brauneck (Drachenfliegerclub Isarwinkel e. V. / Lenggrieser Gleitschirmflieger [&hellip;]</p>
